t of (z - 1)*27/18?
1
Let a be 23 + (-6)/9*-6. Let s = a - 15. What is the tens digit of s?
1
Suppose 0*c + 48 = 2*c. Let u = 13 - c. What is the units digit of 7 + u + -1 + 69?
4
Let d(a) = a**3 + 10*a**2 - 14*a - 57. What is the hundreds digit of d(-8)?
1
Suppose u + 3*u = -r - 12, 0 = -5*u - 10. Let c be ((-20)/35)/(r/14). What is the tens digit of 14*c*(-5)/(-10)?
1
What is the units digit of -1*(3 - 1) + 32382/18?
7
Let w(v) = -14*v + 1335. What is the thousands digit of w(-48)?
2
Let p(u) = u**3 - 6*u**2 + 2*u + 16. Let o be p(8). Let y = o - 55. What is the tens digit of y?
0
Let t(d) = -d**3 + d**2 - 5*d - 16. Let o(x) = 5*x**3 - x**2 + x + 2. Let g be o(-1). What is the units digit of t(g)?
9
Suppose 0 = 15*n - 10*n + 3*d + 22, 15 = -4*n - 5*d. What is the units digit of 50/(n/(-1) - 4)?
0
Let b(x) be the first derivative of x**3/3 + 3. Let c be b(2). Suppose -z + 38 = 4*f, 0 = -f + 3*f + c*z - 12. What is the tens digit of f?
1
Let z be (1/(-2))/(3/(-30)). Suppose z*j = j + 64. What is the units digit of 166/8 - (-4)/j?
1
Suppose 5*k + 1 = -u, -5*k + 5*u = -4*k - 5. Suppose 5*l - 62 - 88 = k. What is the units digit of l?
0
Let f(j) = -20*j + 6 - 6*j - 18*j. What is the tens digit of f(-2)?
9
Suppose 0 = 5*q - 4*i - 8828, 0 = -q - q + 3*i + 3527. What is the units digit of q?
8
Let j(y) = y**3 - 8*y**2 - 11*y. Suppose 3*s - 2*m - 30 = 0, -4*m + 40 = 5*s - 10. What is the units digit of j(s)?
0
Let s(p) be the second derivative of -7*p**5/120 + p**4/12 - p**3/6 + 4*p. Let y(x) be the second derivative of s(x). What is the tens digit of y(-3)?
2
What is the units digit of (428 - 1)*22/22?
7
Let g = 436 - 243. What is the units digit of g?
3
What is the thousands digit of (498/24)/((-5)/(-1160))?
4
What is the tens digit of 3799 + (-9 - (-12)/12)?
9
Let w(j) = -3*j - 36. Let o be w(-13). Suppose 6*u = o*u + 324. What is the units digit of u?
8
Let a = 8 - 3. Let i be (0 + -3)/(a + -4). What is the tens digit of (-14)/42 - 49/i?
1
Suppose 66*p - s = 61*p + 11602, 0 = 3*p - 3*s - 6966. What is the hundreds digit of p?
3
Let s(h) = h**3 + 2*h**2 - 2. Let w be s(-3). What is the units digit of 2*w/(44/(-96))?
8
Let a(r) = -r**2 + 6*r - 5. Let j be a(4). Suppose 5*k = -5*i - 5 - 0, -5*k = j*i + 5. Suppose i = m - 0*m - 30. What is the tens digit of m?
3
Let w = -575 - -2328. What is the hundreds digit of w?
7
Suppose -107 + 11 = -8*k. Suppose 0 = -5*x + a + 21, -8 - k = -4*x + 4*a. Suppose 0 = -x*q + o + 165, 0 = -q + 2*o + 2 + 48. What is the tens digit of q?
4
What is the thousands digit of (0 - (-3 + 153))/(6/(-219))?
5
Suppose 4*v + 4*b = 32, -4*b - 1 = -5*v + 12. Let s(g) = -g**3 + 8*g**2 - 4*g + 4. Let t be s(v). Suppose 19 = -2*y + t. What is the tens digit of y?
2
Let n(u) = u + 9. Let b be n(-5). Suppose -44 = -4*t - t - b*z, 3*z + 24 = t. Suppose -2*a = a - t. What is the units digit of a?
4
Suppose 4*s = 0, -s = 2*q - 3*s - 36. What is the tens digit of ((-261)/12)/(q/(-48))?
5
Let j be (-16)/4 - (-4 - 64). What is the tens digit of (5/(-4))/((-1)/j)?
8
Let b = -4 + 10. Suppose a = -4*k - 389, 0*k - 502 = 5*k - 4*a. What is the tens digit of k/(-6) - 2/b?
1
Suppose 14 = 19*q - 17*q. Suppose q*x = -3*x + 200. What is the units digit of x?
0
Suppose 4*f - 1 = -5, -4 = -w + f. What is the units digit of 147/27*3*w?
9
Let c = -399 - -723. Suppose -5*t - 2*v = -c, -2*v = -3*t - 3*v + 195. What is the tens digit of t?
6
Let q(v) = 2*v + 32. Suppose m - 24 = 2*g, 124 = 3*m - 4*g + 48. Suppose m = -0*a - 2*a. What is the units digit of q(a)?
4
Suppose 4*v - 116 - 244 = 0. Suppose 2*m - 4*y = -v, 2*m + 3*y - 88 = 4*m. Let g = m + 57. What is the units digit of g?
6
Let z = -74 + 152. Suppose a - z = 73. What is the units digit of a?
1
Let q = 133 - 12. What is the hundreds digit of q?
1
Suppose 4707 = -101*j + 104*j. What is the tens digit of j?
6
Let o(k) = -51*k + 73. What is the tens digit of o(-16)?
8
Let y be (816/(-9))/4*(-27)/(-6). Let x = y + 201. What is the tens digit of x?
9
Let a(d) = -7*d**2 - 17*d - 5. Let f(p) = 15*p**2 + 35*p + 10. Let h(r) = 13*a(r) + 6*f(r). What is the tens digit of h(-8)?
1
Let h(s) = -73*s**3 + 4*s**2 - 3*s - 7. What is the hundreds digit of h(-2)?
5
Suppose 0 = 9*n - 151 + 34. What is the tens digit of n?
1
Suppose -7*p + 1371 + 1555 = 0. What is the hundreds digit of p?
4
Let m(w) = 2*w**2 + w. Let k be m(-2). Let h(t) = -9 + 6*t**2 - k*t - 8*t**2 + 3*t**2. What is the units digit of h(11)?
6
Let u = -176 + 156. What is the tens digit of ((-132)/15)/(1/u)?
7
Let k be (0 - -1)*(5 + -3). Suppose 0 = 4*r - 9*b + 4*b - 418, -k*b = 2*r - 200. What is the hundreds digit of r?
1
Let c = 3 - -317. Suppose c = -5*m + 1040. Let u = m + -99. What is the tens digit of u?
4
Let c(k) be the second derivative of -5/6*k**4 + 2*k + 7/2*k**2 + 0 + 1/20*k**5 - 3/2*k**3. What is the units digit of c(11)?
9
Let y(i) = i**3 + i**2 - 2*i + 199. Let c be y(0). Let k = c - -109. What is the hundreds digit of k?
3
Suppose 5*p + s = 44 + 65, -s = -3*p + 59. Let u = p + -13. What is the units digit of u?
8
Let i(k) = 2*k**3 - 23*k**2 + k + 130. What is the units digit of i(15)?
0
Suppose 11820 = 28*d - 3440. What is the units digit of d?
5
Let q be ((-2)/(-6))/((-1)/(-423)). Suppose u + 47 = q. Let t = 135 - u. What is the units digit of t?
1
Suppose w - 713 = -3*z, 7*w = -z + 5*w + 246. What is the tens digit of z?
3
Let r(d) = -d**3 + 16*d**2 - 16*d - 27. Let n(j) = -2*j**2 - 16*j. Let p be n(-7). What is the hundreds digit of r(p)?
1
Let x(u) = -4 + 2 - 32*u**3 + 1 - u. Suppose 5*o - 4 = -3*a, 0*a + 9 = 3*o + 4*a. What is the tens digit of x(o)?
3
Suppose 3*m + 2178 = 3*y, -2*y + 6*y = -5*m + 2931. What is the hundreds digit of y?
7
Let a(i) = i**3 - i**2 - i + 1591. What is the thousands digit of a(0)?
1
Let z be ((-63)/6)/((-9)/12). Let t be (-3)/9 - (-112)/3. Let b = z + t. What is the units digit of b?
1
Suppose 0 = -85*n + 164983 + 93842. What is the thousands digit of n?
3
Let y = 12 + -15. Let r be 3/(-4)*24/y. Suppose -b = -3*v + 16, b - 32 = v - r*v. What is the units digit of v?
6
Let k be ((-1)/(-2))/(12/48). Suppose 19 + 7 = -k*g. What is the units digit of (-37*1)/(g + 12)?
7
Suppose 2*i + 4*g + 546 - 2534 = 0, 3*g - 4942 = -5*i. What is the units digit of i?
6
Let t(x) = 9*x**3 + 28*x**2 + 25*x + 58. Let d(v) = 5*v**3 + 14*v**2 + 13*v + 29. Let j(u) = -11*d(u) + 6*t(u). What is the hundreds digit of j(14)?
1
Suppose 0 = -b - 76*z + 77*z + 928, 0 = -4*b - 4*z + 3736. What is the tens digit of b?
3
Suppose -2*b - h = -31, 2*h = 2*b - 0*h - 22. Suppose 10*k = b*k - 116. What is the units digit of k?
9
Let z = -5 - -15. Let y = -16 + z. What is the tens digit of ((-2)/y)/(6/774)?
4
Suppose 4*h - 4*r - 1896 = 0, -5*r - 1422 = -3*h - 8*r. What is the hundreds digit of h?
4
Suppose -4*h + 58 + 37 = z, -4*z - 20 = 0. Suppose -5*g + 14 = -2*u, -2*u = -5*u - 4*g + h. What is the units digit of (u/2)/((-8)/(-128))?
4
Suppose 4*v - 2*z - 2 = 0, -v - z - 1 = -2*v. Suppose v*a - 148 = -4*a. What is the tens digit of a?
3
Let h(j) = -7*j + 1. Let p be h(-1). Suppose -5*b + 220 = 5*v, 2*v - 5*b - 15 - 45 = 0. Suppose p*t - 3*t = v. What is the units digit of t?
8
Suppose 0 = -12*k - 11*k + 1127. What is the units digit of k?
9
Let v = -53 + 41. What is the hundreds digit of 0 + (-2)/12 + (-1898)/v?
1
What is the tens digit of (2360/15)/8*21?
1
Let g = 57 - 53. Suppose -g*s + 388 = -4*q, -3*s + 3*q = s - 390. What is the units digit of s?
9
Suppose -j + q + 1 = 0, j + 4*j - 13 = -3*q. Let m be -6 - (4 + 0/j). What is the units digit of m/(-3) - 17/51?
3
Suppose 2*f - 505 = 749. What is the hundreds digit of f?
6
Suppose -2*d + 73 = -4*l - 7*d, -d = -5*l - 55. What is the units digit of 2/6 + (-104)/l?
9
Suppose 4*j + 528 = 8*j. Suppose -4*p + 6*p - j = 0. What is the units digit of p?
6
Let z = 1424 - 250. What is the thousands digit of z?
1
Let h(f) be the second derivative of 7*f**3/6 + 5*f**2/2 + 8*f. Let y be h(10). Suppose 0 = 2*v - 3*c - y, 0 = 3*v + c + c - 132. What is the units digit of v?
2
Let v(g) = -7*g - 32. Let i be v(-13). Let b = i - 29. What is the tens digit of b?
3
Suppose 41*v + 100 = 14081. What is the hundreds digit of v?
3
Let j(d) = -d**2 - 83*d - 66. What is the tens digit of j(-24)?
5
Let m = 290